{"id":828,"date":"2016-02-05T10:22:02","date_gmt":"2016-02-05T10:22:02","guid":{"rendered":"http:\/\/radani.agency\/mauritius\/locationvillasradani\/?page_id=828"},"modified":"2016-02-14T16:05:03","modified_gmt":"2016-02-14T16:05:03","slug":"villa-danielle","status":"publish","type":"page","link":"https:\/\/radani.agency\/mauritius\/location-villas-radani\/villa-danielle\/","title":{"rendered":"Villa Danielle"},"content":{"rendered":"<div class=\"su-box su-box-style-default\" id=\"\" style=\"border-color:#009ea0;border-radius:3px;\"><div class=\"su-box-title\" style=\"background-color:#2fd1d3;color:#FFFFFF;border-top-left-radius:1px;border-top-right-radius:1px\">Villa Danielle<\/div><div class=\"su-box-content su-u-clearfix su-u-trim\" style=\"border-bottom-left-radius:1px;border-bottom-right-radius:1px\">\n<div class=\"su-pullquote su-pullquote-align-left\">\n<p><a href=\"http:\/\/radani.agency\/mauritius\/locationvillasradani\/wp-content\/uploads\/sites\/9\/2015\/02\/SDC12151.jpg\"><img loading=\"lazy\" decoding=\"async\" class=\"wp-image-714 size-medium\" src=\"http:\/\/radani.agency\/mauritius\/locationvillasradani\/wp-content\/uploads\/sites\/9\/2015\/02\/SDC12151-300x200.jpg\" alt=\" \" width=\"300\" height=\"200\" srcset=\"https:\/\/radani.agency\/mauritius\/location-villas-radani\/wp-content\/uploads\/sites\/9\/2015\/02\/SDC12151-300x200.jpg 300w, https:\/\/radani.agency\/mauritius\/location-villas-radani\/wp-content\/uploads\/sites\/9\/2015\/02\/SDC12151.jpg 1024w\" sizes=\"auto, (max-width: 300px) 100vw, 300px\" \/><\/a><\/p>\n<p>Entr\u00e9e de la villa Danielle<br \/>\n<\/div>\n<p>Villa Danielle \u2013 450m2 \u2013 5 chambres \u00e0 coucher\u00a0+ lits suppl\u00e9mentaires + lits b\u00e9b\u00e9s<br \/>\nToutes les chambres sont climatis\u00e9es<\/p>\n<p>Au rez de chaus\u00e9e:<\/p>\n<ul>\n<li>1 chambre avec 1 lit extra large, dressing s\u00e9par\u00e9, 2 balcons,<\/li>\n<li>1salle de bain avec 2 lavabos et douche, 1 WC<\/li>\n<li>coin machine \u00e0 laver<\/li>\n<li>jardin int\u00e9rieur<\/li>\n<li>cuisine et cuisine ext\u00e9rieur<\/li>\n<li>salon tv<\/li>\n<li>salon, wifi, table et 12 chaises<\/li>\n<li>grande terrasse, tables et + de 15 chaises, sofa<\/li>\n<\/ul>\n<p>A l\u2019\u00e9tage:<\/p>\n<ul>\n<li>chambre Theo : 2 lits simples, armoire, balcon, fen\u00eatre donnant sur la piscine, 1 douche<\/li>\n<li>chambre Capucine: 2 lits simples, armoire, balcon<\/li>\n<li>chambre Gabin: 1 grand lit et 1 lit simple<\/li>\n<li>chambre Bleue: 1 grand lit, balcon, fen\u00eatre donnant sur la piscine<\/li>\n<li>1\u00a0salle d&#8217;eau avec 2 lavabos, douche et wc<\/li>\n<li>mezzanine: 2 lits d\u2019appoints et 2 lits tiroirs<\/li>\n<li>grande terrasse donnant sur le jardin et la piscine, incluant un coin pour massage<\/li>\n<\/ul>\n<div class=\"su-row\">\n<div class=\"su-column su-column-size-1-3\"><div class=\"su-column-inner su-u-clearfix su-u-trim\">\n<p><img loading=\"lazy\" decoding=\"async\" class=\"alignnone size-medium wp-image-476\" src=\"http:\/\/radani.agency\/mauritius\/locationvillasradani\/wp-content\/uploads\/sites\/9\/2015\/05\/maison_22-300x199.jpeg\" alt=\"maison_22\" width=\"300\" height=\"199\" srcset=\"https:\/\/radani.agency\/mauritius\/location-villas-radani\/wp-content\/uploads\/sites\/9\/2015\/05\/maison_22-300x199.jpeg 300w, https:\/\/radani.agency\/mauritius\/location-villas-radani\/wp-content\/uploads\/sites\/9\/2015\/05\/maison_22.jpeg 640w\" sizes=\"auto, (max-width: 300px) 100vw, 300px\" \/><\/p>\n<\/div><\/div>\n<div class=\"su-column su-column-size-1-3\"><div class=\"su-column-inner su-u-clearfix su-u-trim\">\n<p><img loading=\"lazy\" decoding=\"async\" class=\"alignnone size-medium wp-image-482\" src=\"http:\/\/radani.agency\/mauritius\/locationvillasradani\/wp-content\/uploads\/sites\/9\/2015\/05\/maison_28-300x199.jpeg\" alt=\"maison_28\" width=\"300\" height=\"199\" srcset=\"https:\/\/radani.agency\/mauritius\/location-villas-radani\/wp-content\/uploads\/sites\/9\/2015\/05\/maison_28-300x199.jpeg 300w, https:\/\/radani.agency\/mauritius\/location-villas-radani\/wp-content\/uploads\/sites\/9\/2015\/05\/maison_28.jpeg 640w\" sizes=\"auto, (max-width: 300px) 100vw, 300px\" \/><\/p>\n<\/div><\/div>\n<div class=\"su-column su-column-size-1-3\"><div class=\"su-column-inner su-u-clearfix su-u-trim\">\n<p><img loading=\"lazy\" decoding=\"async\" class=\"alignnone size-medium wp-image-481\" src=\"http:\/\/radani.agency\/mauritius\/locationvillasradani\/wp-content\/uploads\/sites\/9\/2015\/05\/maison_27-300x199.jpeg\" alt=\"maison_27\" width=\"300\" height=\"199\" srcset=\"https:\/\/radani.agency\/mauritius\/location-villas-radani\/wp-content\/uploads\/sites\/9\/2015\/05\/maison_27-300x199.jpeg 300w, https:\/\/radani.agency\/mauritius\/location-villas-radani\/wp-content\/uploads\/sites\/9\/2015\/05\/maison_27.jpeg 640w\" sizes=\"auto, (max-width: 300px) 100vw, 300px\" \/><\/p>\n<\/div><\/div>\n<\/div>\n<\/div><\/div>\n","protected":false},"excerpt":{"rendered":"","protected":false},"author":1,"featured_media":476,"parent":0,"menu_order":0,"comment_status":"open","ping_status":"open","template":"","meta":{"footnotes":""},"class_list":["post-828","page","type-page","status-publish","has-post-thumbnail","czr-hentry"],"yoast_head":"<!-- This site is optimized with the Yoast SEO plugin v25.9 - https:\/\/yoast.com\/wordpress\/plugins\/seo\/ -->\n<title>Villa Danielle - Bienvenue aux Villas Radani<\/title>\n<meta name=\"robots\" content=\"noindex, follow, max-snippet:-1, max-image-preview:large, max-video-preview:-1\" \/>\n<meta property=\"og:locale\" content=\"en_US\" \/>\n<meta property=\"og:type\" content=\"article\" \/>\n<meta property=\"og:title\" content=\"Villa Danielle - Bienvenue aux Villas Radani\" \/>\n<meta property=\"og:url\" content=\"https:\/\/radani.agency\/mauritius\/location-villas-radani\/villa-danielle\/\" \/>\n<meta property=\"og:site_name\" content=\"Bienvenue aux Villas Radani\" \/>\n<meta property=\"article:modified_time\" content=\"2016-02-14T16:05:03+00:00\" \/>\n<meta property=\"og:image\" content=\"https:\/\/radani.agency\/mauritius\/location-villas-radani\/wp-content\/uploads\/sites\/9\/2015\/05\/maison_22.jpeg\" \/>\n\t<meta property=\"og:image:width\" content=\"640\" \/>\n\t<meta property=\"og:image:height\" content=\"424\" \/>\n\t<meta property=\"og:image:type\" content=\"image\/jpeg\" \/>\n<meta name=\"twitter:label1\" content=\"Est. reading time\" \/>\n\t<meta name=\"twitter:data1\" content=\"1 minute\" \/>\n<script type=\"application\/ld+json\" class=\"yoast-schema-graph\">{\"@context\":\"https:\/\/schema.org\",\"@graph\":[{\"@type\":\"WebPage\",\"@id\":\"https:\/\/radani.agency\/mauritius\/location-villas-radani\/villa-danielle\/\",\"url\":\"https:\/\/radani.agency\/mauritius\/location-villas-radani\/villa-danielle\/\",\"name\":\"Villa Danielle - Bienvenue aux Villas Radani\",\"isPartOf\":{\"@id\":\"https:\/\/radani.agency\/mauritius\/location-villas-radani\/#website\"},\"primaryImageOfPage\":{\"@id\":\"https:\/\/radani.agency\/mauritius\/location-villas-radani\/villa-danielle\/#primaryimage\"},\"image\":{\"@id\":\"https:\/\/radani.agency\/mauritius\/location-villas-radani\/villa-danielle\/#primaryimage\"},\"thumbnailUrl\":\"https:\/\/radani.agency\/mauritius\/location-villas-radani\/wp-content\/uploads\/sites\/9\/2015\/05\/maison_22.jpeg\",\"datePublished\":\"2016-02-05T10:22:02+00:00\",\"dateModified\":\"2016-02-14T16:05:03+00:00\",\"breadcrumb\":{\"@id\":\"https:\/\/radani.agency\/mauritius\/location-villas-radani\/villa-danielle\/#breadcrumb\"},\"inLanguage\":\"en-US\",\"potentialAction\":[{\"@type\":\"ReadAction\",\"target\":[\"https:\/\/radani.agency\/mauritius\/location-villas-radani\/villa-danielle\/\"]}]},{\"@type\":\"ImageObject\",\"inLanguage\":\"en-US\",\"@id\":\"https:\/\/radani.agency\/mauritius\/location-villas-radani\/villa-danielle\/#primaryimage\",\"url\":\"https:\/\/radani.agency\/mauritius\/location-villas-radani\/wp-content\/uploads\/sites\/9\/2015\/05\/maison_22.jpeg\",\"contentUrl\":\"https:\/\/radani.agency\/mauritius\/location-villas-radani\/wp-content\/uploads\/sites\/9\/2015\/05\/maison_22.jpeg\",\"width\":640,\"height\":424},{\"@type\":\"BreadcrumbList\",\"@id\":\"https:\/\/radani.agency\/mauritius\/location-villas-radani\/villa-danielle\/#breadcrumb\",\"itemListElement\":[{\"@type\":\"ListItem\",\"position\":1,\"name\":\"Home\",\"item\":\"https:\/\/radani.agency\/mauritius\/location-villas-radani\/en-gb\/\"},{\"@type\":\"ListItem\",\"position\":2,\"name\":\"Villa Danielle\"}]},{\"@type\":\"WebSite\",\"@id\":\"https:\/\/radani.agency\/mauritius\/location-villas-radani\/#website\",\"url\":\"https:\/\/radani.agency\/mauritius\/location-villas-radani\/\",\"name\":\"Bienvenue aux Villas Radani\",\"description\":\"Plus qu\u2019un Voyage\u2026 une Rencontre\",\"potentialAction\":[{\"@type\":\"SearchAction\",\"target\":{\"@type\":\"EntryPoint\",\"urlTemplate\":\"https:\/\/radani.agency\/mauritius\/location-villas-radani\/?s={search_term_string}\"},\"query-input\":{\"@type\":\"PropertyValueSpecification\",\"valueRequired\":true,\"valueName\":\"search_term_string\"}}],\"inLanguage\":\"en-US\"}]}<\/script>\n<!-- \/ Yoast SEO plugin. -->","yoast_head_json":{"title":"Villa Danielle - Bienvenue aux Villas Radani","robots":{"index":"noindex","follow":"follow","max-snippet":"max-snippet:-1","max-image-preview":"max-image-preview:large","max-video-preview":"max-video-preview:-1"},"og_locale":"en_US","og_type":"article","og_title":"Villa Danielle - Bienvenue aux Villas Radani","og_url":"https:\/\/radani.agency\/mauritius\/location-villas-radani\/villa-danielle\/","og_site_name":"Bienvenue aux Villas Radani","article_modified_time":"2016-02-14T16:05:03+00:00","og_image":[{"width":640,"height":424,"url":"https:\/\/radani.agency\/mauritius\/location-villas-radani\/wp-content\/uploads\/sites\/9\/2015\/05\/maison_22.jpeg","type":"image\/jpeg"}],"twitter_misc":{"Est. reading time":"1 minute"},"schema":{"@context":"https:\/\/schema.org","@graph":[{"@type":"WebPage","@id":"https:\/\/radani.agency\/mauritius\/location-villas-radani\/villa-danielle\/","url":"https:\/\/radani.agency\/mauritius\/location-villas-radani\/villa-danielle\/","name":"Villa Danielle - Bienvenue aux Villas Radani","isPartOf":{"@id":"https:\/\/radani.agency\/mauritius\/location-villas-radani\/#website"},"primaryImageOfPage":{"@id":"https:\/\/radani.agency\/mauritius\/location-villas-radani\/villa-danielle\/#primaryimage"},"image":{"@id":"https:\/\/radani.agency\/mauritius\/location-villas-radani\/villa-danielle\/#primaryimage"},"thumbnailUrl":"https:\/\/radani.agency\/mauritius\/location-villas-radani\/wp-content\/uploads\/sites\/9\/2015\/05\/maison_22.jpeg","datePublished":"2016-02-05T10:22:02+00:00","dateModified":"2016-02-14T16:05:03+00:00","breadcrumb":{"@id":"https:\/\/radani.agency\/mauritius\/location-villas-radani\/villa-danielle\/#breadcrumb"},"inLanguage":"en-US","potentialAction":[{"@type":"ReadAction","target":["https:\/\/radani.agency\/mauritius\/location-villas-radani\/villa-danielle\/"]}]},{"@type":"ImageObject","inLanguage":"en-US","@id":"https:\/\/radani.agency\/mauritius\/location-villas-radani\/villa-danielle\/#primaryimage","url":"https:\/\/radani.agency\/mauritius\/location-villas-radani\/wp-content\/uploads\/sites\/9\/2015\/05\/maison_22.jpeg","contentUrl":"https:\/\/radani.agency\/mauritius\/location-villas-radani\/wp-content\/uploads\/sites\/9\/2015\/05\/maison_22.jpeg","width":640,"height":424},{"@type":"BreadcrumbList","@id":"https:\/\/radani.agency\/mauritius\/location-villas-radani\/villa-danielle\/#breadcrumb","itemListElement":[{"@type":"ListItem","position":1,"name":"Home","item":"https:\/\/radani.agency\/mauritius\/location-villas-radani\/en-gb\/"},{"@type":"ListItem","position":2,"name":"Villa Danielle"}]},{"@type":"WebSite","@id":"https:\/\/radani.agency\/mauritius\/location-villas-radani\/#website","url":"https:\/\/radani.agency\/mauritius\/location-villas-radani\/","name":"Bienvenue aux Villas Radani","description":"Plus qu\u2019un Voyage\u2026 une Rencontre","potentialAction":[{"@type":"SearchAction","target":{"@type":"EntryPoint","urlTemplate":"https:\/\/radani.agency\/mauritius\/location-villas-radani\/?s={search_term_string}"},"query-input":{"@type":"PropertyValueSpecification","valueRequired":true,"valueName":"search_term_string"}}],"inLanguage":"en-US"}]}},"_links":{"self":[{"href":"https:\/\/radani.agency\/mauritius\/location-villas-radani\/wp-json\/wp\/v2\/pages\/828","targetHints":{"allow":["GET"]}}],"collection":[{"href":"https:\/\/radani.agency\/mauritius\/location-villas-radani\/wp-json\/wp\/v2\/pages"}],"about":[{"href":"https:\/\/radani.agency\/mauritius\/location-villas-radani\/wp-json\/wp\/v2\/types\/page"}],"author":[{"embeddable":true,"href":"https:\/\/radani.agency\/mauritius\/location-villas-radani\/wp-json\/wp\/v2\/users\/1"}],"replies":[{"embeddable":true,"href":"https:\/\/radani.agency\/mauritius\/location-villas-radani\/wp-json\/wp\/v2\/comments?post=828"}],"version-history":[{"count":6,"href":"https:\/\/radani.agency\/mauritius\/location-villas-radani\/wp-json\/wp\/v2\/pages\/828\/revisions"}],"predecessor-version":[{"id":972,"href":"https:\/\/radani.agency\/mauritius\/location-villas-radani\/wp-json\/wp\/v2\/pages\/828\/revisions\/972"}],"wp:featuredmedia":[{"embeddable":true,"href":"https:\/\/radani.agency\/mauritius\/location-villas-radani\/wp-json\/wp\/v2\/media\/476"}],"wp:attachment":[{"href":"https:\/\/radani.agency\/mauritius\/location-villas-radani\/wp-json\/wp\/v2\/media?parent=828"}],"curies":[{"name":"wp","href":"https:\/\/api.w.org\/{rel}","templated":true}]}}